{"id":49675,"date":"2025-08-08T19:15:07","date_gmt":"2025-08-08T22:15:07","guid":{"rendered":"https:\/\/academiadepacientes.com.br\/cookie-policy\/"},"modified":"2025-08-08T19:17:48","modified_gmt":"2025-08-08T22:17:48","slug":"cookie-policy","status":"publish","type":"page","link":"https:\/\/academiadepacientes.com.br\/?page_id=49675","title":{"rendered":"Cookie Policy"},"content":{"rendered":"\n<p>Esta p\u00e1gina fornece informa\u00e7\u00f5es completas sobre como usamos cookies em nosso site para aprimorar sua experi\u00eancia de navega\u00e7\u00e3o, melhorar o desempenho do site e fornecer conte\u00fado personalizado. Cookies s\u00e3o pequenos arquivos de texto que s\u00e3o armazenados em seu dispositivo quando voc\u00ea visita nosso site. Eles nos ajudam a entender como os visitantes interagem com nosso site, permitindo-nos oferecer uma experi\u00eancia de usu\u00e1rio mais fluida e eficiente. Na tabela abaixo, voc\u00ea encontrar\u00e1 informa\u00e7\u00f5es detalhadas sobre cada tipo de cookie que usamos, sua finalidade e por quanto tempo permanecem em seu dispositivo. Temos o compromisso de respeitar sua privacidade e fornecer transpar\u00eancia sobre os dados que coletamos por meio de cookies. Para obter mais informa\u00e7\u00f5es sobre como lidamos com seus dados pessoais, consulte nossa <a href=\"https:\/\/academiadepacientes.com.br\/cookie-policy-eu\/\">Pol\u00edtica de Privacidade.<\/a><\/p>\n\n\n<div class=\"wpconsent-cookie-policy\"><h2 class=\"wpconsent-cookie-category-name\">Essencial<\/h2><p class=\"wpconsent-cookie-category-description\">Cookies essenciais permitem fun\u00e7\u00f5es b\u00e1sicas e s\u00e3o necess\u00e1rios para o bom funcionamento do site.<\/p><table class=\"wpconsent-cookie-policy-table\"><tr><th>Name<\/th><th>Description<\/th><th>Duration<\/th><\/tr><tr><td>wpconsent_preferences<\/td><td>This cookie is used to store the user&#039;s cookie consent preferences.<\/td><td>30 days<\/td><\/tr><\/table><h3 class=\"wpconsent-cookie-service-name\">Comments<\/h3><p class=\"wpconsent-cookie-service-description\">These cookies are needed for adding comments on this website.<\/p><table class=\"wpconsent-cookie-policy-table\"><tr><th>Name<\/th><th>Description<\/th><th>Duration<\/th><\/tr><tr><td>comment_author<\/td><td>Used to track the user across multiple sessions.<\/td><td>Session<\/td><\/tr><tr><td>comment_author_email<\/td><td>Used to track the user across multiple sessions.<\/td><td>Session<\/td><\/tr><tr><td>comment_author_url<\/td><td>Used to track the user across multiple sessions.<\/td><td>Session<\/td><\/tr><\/table><h3 class=\"wpconsent-cookie-service-name\">Google reCAPTCHA<\/h3><p class=\"wpconsent-cookie-service-description\">Google reCAPTCHA helps protect websites from spam and abuse by verifying user interactions through challenges.<\/p><table class=\"wpconsent-cookie-policy-table\"><tr><th>Name<\/th><th>Description<\/th><th>Duration<\/th><\/tr><tr><td>_GRECAPTCHA<\/td><td>Google reCAPTCHA sets a necessary cookie (_GRECAPTCHA) when executed for the purpose of providing its risk analysis.<\/td><td>179 days<\/td><\/tr><\/table><h3 class=\"wpconsent-cookie-service-name\">Google Tag Manager<\/h3><p class=\"wpconsent-cookie-service-description\">Google Tag Manager simplifies the management of marketing tags on your website without code changes.<\/p><table class=\"wpconsent-cookie-policy-table\"><tr><th>Name<\/th><th>Description<\/th><th>Duration<\/th><\/tr><tr><td>cookiePreferences<\/td><td>Registers cookie preferences of a user<\/td><td>2 years<\/td><\/tr><tr><td>td<\/td><td>Registers statistical data on users&#039; behaviour on the website. Used for internal analytics by the website operator.<\/td><td>session<\/td><\/tr><\/table><h2 class=\"wpconsent-cookie-category-name\">Estat\u00edstica<\/h2><p class=\"wpconsent-cookie-category-description\">Os cookies de estat\u00edsticas coletam informa\u00e7\u00f5es anonimamente. Essas informa\u00e7\u00f5es nos ajudam a entender como os visitantes utilizam nosso site.<\/p><h3 class=\"wpconsent-cookie-service-name\">Google Analytics<\/h3><p class=\"wpconsent-cookie-service-description\">Google Analytics is a powerful tool that tracks and analyzes website traffic for informed marketing decisions.<\/p><a href=\"https:\/\/policies.google.com\/privacy\">Learn more<\/a><table class=\"wpconsent-cookie-policy-table\"><tr><th>Name<\/th><th>Description<\/th><th>Duration<\/th><\/tr><tr><td>_gac_<\/td><td>Contains information related to marketing campaigns of the user. These are shared with Google AdWords \/ Google Ads when the Google Ads and Google Analytics accounts are linked together.<\/td><td>90 days<\/td><\/tr><tr><td>__utma<\/td><td>ID used to identify users and sessions<\/td><td>2 years after last activity<\/td><\/tr><tr><td>__utmt<\/td><td>Used to monitor number of Google Analytics server requests<\/td><td>10 minutes<\/td><\/tr><tr><td>__utmb<\/td><td>Used to distinguish new sessions and visits. This cookie is set when the GA.js javascript library is loaded and there is no existing __utmb cookie. The cookie is updated every time data is sent to the Google Analytics server.<\/td><td>30 minutes after last activity<\/td><\/tr><tr><td>__utmc<\/td><td>Used only with old Urchin versions of Google Analytics and not with GA.js. Was used to distinguish between new sessions and visits at the end of a session.<\/td><td>End of session (browser)<\/td><\/tr><tr><td>__utmz<\/td><td>Contains information about the traffic source or campaign that directed user to the website. The cookie is set when the GA.js javascript is loaded and updated when data is sent to the Google Anaytics server<\/td><td>6 months after last activity<\/td><\/tr><tr><td>__utmv<\/td><td>Contains custom information set by the web developer via the _setCustomVar method in Google Analytics. This cookie is updated every time new data is sent to the Google Analytics server.<\/td><td>2 years after last activity<\/td><\/tr><tr><td>__utmx<\/td><td>Used to determine whether a user is included in an A \/ B or Multivariate test.<\/td><td>18 months<\/td><\/tr><tr><td>_ga<\/td><td>ID used to identify users<\/td><td>2 years<\/td><\/tr><tr><td>_gali<\/td><td>Used by Google Analytics to determine which links on a page are being clicked<\/td><td>30 seconds<\/td><\/tr><tr><td>_ga_<\/td><td>ID used to identify users<\/td><td>2 years<\/td><\/tr><tr><td>_gid<\/td><td>ID used to identify users for 24 hours after last activity<\/td><td>24 hours<\/td><\/tr><tr><td>_gat<\/td><td>Used to monitor number of Google Analytics server requests when using Google Tag Manager<\/td><td>1 minute<\/td><\/tr><\/table><\/div>\n","protected":false},"excerpt":{"rendered":"<p>Esta p\u00e1gina fornece informa\u00e7\u00f5es completas sobre como usamos cookies em nosso site para aprimorar sua experi\u00eancia de navega\u00e7\u00e3o, melhorar o &#8230; <\/p>\n<p class=\"read-more-container\"><a title=\"Cookie Policy\" class=\"read-more button\" href=\"https:\/\/academiadepacientes.com.br\/?page_id=49675#more-49675\" aria-label=\"Read more about Cookie Policy\">Saiba mais<\/a><\/p>\n","protected":false},"author":2,"featured_media":0,"parent":0,"menu_order":0,"comment_status":"closed","ping_status":"closed","template":"","meta":{"om_disable_all_campaigns":false,"_uag_custom_page_level_css":"","_monsterinsights_skip_tracking":false,"_monsterinsights_sitenote_active":false,"_monsterinsights_sitenote_note":"","_monsterinsights_sitenote_category":0,"footnotes":""},"class_list":{"0":"post-49675","1":"page","2":"type-page","3":"status-publish","5":"infinite-scroll-item"},"aioseo_notices":[],"uagb_featured_image_src":{"full":false,"thumbnail":false,"medium":false,"medium_large":false,"large":false,"1536x1536":false,"2048x2048":false,"mailpoet_newsletter_max":false},"uagb_author_info":{"display_name":"Cl\u00e1udio Cordovil","author_link":"https:\/\/academiadepacientes.com.br\/?author=2"},"uagb_comment_info":0,"uagb_excerpt":"Esta p\u00e1gina fornece informa\u00e7\u00f5es completas sobre como usamos cookies em nosso site para aprimorar sua experi\u00eancia de navega\u00e7\u00e3o, melhorar o ... Saiba mais","_links":{"self":[{"href":"https:\/\/academiadepacientes.com.br\/index.php?rest_route=\/wp\/v2\/pages\/49675","targetHints":{"allow":["GET"]}}],"collection":[{"href":"https:\/\/academiadepacientes.com.br\/index.php?rest_route=\/wp\/v2\/pages"}],"about":[{"href":"https:\/\/academiadepacientes.com.br\/index.php?rest_route=\/wp\/v2\/types\/page"}],"author":[{"embeddable":true,"href":"https:\/\/academiadepacientes.com.br\/index.php?rest_route=\/wp\/v2\/users\/2"}],"replies":[{"embeddable":true,"href":"https:\/\/academiadepacientes.com.br\/index.php?rest_route=%2Fwp%2Fv2%2Fcomments&post=49675"}],"version-history":[{"count":1,"href":"https:\/\/academiadepacientes.com.br\/index.php?rest_route=\/wp\/v2\/pages\/49675\/revisions"}],"predecessor-version":[{"id":49676,"href":"https:\/\/academiadepacientes.com.br\/index.php?rest_route=\/wp\/v2\/pages\/49675\/revisions\/49676"}],"wp:attachment":[{"href":"https:\/\/academiadepacientes.com.br\/index.php?rest_route=%2Fwp%2Fv2%2Fmedia&parent=49675"}],"curies":[{"name":"wp","href":"https:\/\/api.w.org\/{rel}","templated":true}]}}